 3.
220202
Convert -1d09 (base 16) to base 5.
-214213
Convert -648 (base 12) to base 7.
-2453
c604 (base 13) to base 3
1101120011
What is -341304 (base 5) in base 15?
-38a4
What is 142 (base 10) in base 13?
ac
Convert -160c (base 13) to base 7.
-12253
Convert 143 (base 9) to base 11.
aa
What is -1561 (base 10) in base 9?
-2124
-c08 (base 13) to base 12
-1218
What is -1221332 (base 4) in base 7?
-25526
Convert -34437 (base 8) to base 10.
-14623
Convert 10615 (base 8) to base 12.
2725
Convert 862 (base 15) to base 8.
3544
1256a (base 16) to base 7
431664
What is -110 (base 4) in base 11?
-19
-341a (base 15) to base 13
-5050
Convert 9a57 (base 12) to base 9.
25354
Convert -14141 (base 5) to base 12.
-817
What is -486 (base 13) in base 12?
-556
What is 100110100100 (base 2) in base 7?
10124
Convert 804 (base 16) to base 13.
c1b
Convert -243 (base 11) to base 10.
-289
-22220112 (base 3) to base 13
-2c57
What is 200201 (base 3) in base 4?
13321
What is 27a (base 11) in base 4?
11021
What is 22d (base 14) in base 7?
1156
What is 5148 (base 10) in base 16?
141c
Convert -226 (base 10) to base 6.
-1014
1000001011111 (base 2) to base 11
3170
-18b7 (base 15) to base 8
-12343
23211 (base 4) to base 8
1345
Convert 13737 (base 10) to base 16.
35a9
319 (base 16) to base 7
2212
-30186 (base 10) to base 12
-15576
2342023 (base 5) to base 9
65458
Convert 10121021 (base 3) to base 10.
2626
What is b143 (base 14) in base 15?
9044
-1238 (base 10) to base 12
-872
Convert -ee (base 15) to base 14.
-120
Convert 620 (base 8) to base 4.
12100
-2110110 (base 4) to base 8
-22424
Convert 901 (base 10) to base 12.
631
Convert -14329 (base 11) to base 15.
-6074
Convert 25463 (base 9) to base 10.
17148
What is 23310 (base 10) in base 16?
5b0e
Convert -11101101 (base 3) to base 5.
-100241
Convert -107 (base 13) to base 4.
-2300
50 (base 6) to base 2
11110
-331 (base 12) to base 10
-469
Convert 273 (base 10) to base 11.
229
-10001000100 (base 2) to base 13
-660
2111220 (base 3) to base 6
12253
Convert 10211320 (base 4) to base 6.
223024
What is 31173 (base 8) in base 16?
327b
What is -37044 (base 8) in base 5?
-1002113
Convert -54 (base 6) to base 12.
-2a
Convert -12311 (base 10) to base 12.
-715b
What is -1200012200 (base 3) in base 10?
-32958
Convert -1420 (base 12) to base 11.
-1827
-12 (base 7) to base 15
-9
What is 20a5 (base 12) in base 8?
6775
What is 218 (base 12) in base 14?
180
12 (base 16) to base 6
30
What is 1333130 (base 5) in base 10?
27290
Convert -1011010001101 (base 2) to base 9.
-7824
What is 1100011111 (base 2) in base 16?
31f
Convert -3311210 (base 4) to base 3.
-210120002
1011010100100 (base 2) to base 5
141141
Convert 101101011 (base 2) to base 13.
21c
2162 (base 8) to base 6
5134
Convert -100110001011011 (base 2) to base 3.
-222210222
What is -13a (base 12) in base 11?
-163
2330441 (base 5) to base 15
c966
Convert 124440 (base 5) to base 3.
20212000
Convert 100001001110 (base 2) to base 3.
2220202
What is -224 (base 12) in base 16?
-13c
What is -4b0 (base 12) in base 4?
-23010
Convert -10100011010 (base 2) to base 7.
-3544
-2671 (base 9) to base 13
-bb6
Convert 430 (base 10) to base 3.
120221
Convert -21244 (base 8) to base 15.
-2963
What is 38905 (base 11) in base 3?
2211100200
1028 (base 16) to base 2
1000000101000
What is -101230 (base 4) in base 13?
-691
What is -245 (base 16) in base 6?
-2405
Convert 1013220 (base 4) to base 13.
2118
Convert 1001010110 (base 2) to base 11.
4a4
Convert 1057 (base 9) to base 5.
11111
What is 132334 (base 5) in base 6?
40424
-321 (base 6) to base 13
-94
Convert -103034 (base 6) to base 8.
-20376
What is 40320 (base 6) in base 16?
14b8
-664 (base 9) to base 2
-1000100000
130 (base 11) to base 8
232
Convert 914 (base 15) to base 12.
1224
What is -9d (base 16) in base 14?
-b3
62352 (base 7) to base 6
154420
What is -121213 (base 4) in base 16?
-667
What is 90c (base 15) in base 12?
1219
Convert 3803 (base 12) to base 2.
1100011000011
What is 240241 (base 5) in base 16?
2275
201220220 (base 3) to base 4
3202323
684 (base 15) to base 11
1120
36b06 (base 12) to base 5
4333131
-10002200 (base 3) to base 2
-100011010011
Convert -95a4 (base 12) to base 9.
-24437
Convert -1200020 (base 3) to base 12.
-859
-6b6 (base 13) to base 6
-5215
Convert 425525 (base 6) to base 15.
a568
Convert 8836 (base 13) to base 4.
10220131
-b (base 15) to base 4
-23
8b (base 15) to base 2
10000011
113442 (base 6) to base 9
14508
-20c (base 13) to base 4
-11132
302123 (base 4) to base 9
4375
1365 (base 10) to base 15
610
12111 (base 4) to base 2
110010101
Convert -10222 (base 3) to base 5.
-412
Convert -11215 (base 6) to base 9.
-2162
Convert -21035 (base 7) to base 16.
-1433
-1118 (base 13) to base 12
-146b
-1512 (base 9) to base 11
-951
11211 (base 8) to base 5
122440
-449 (base 12) to base 11
-526
Convert -33032 (base 4) to base 5.
-12344
What is -1503 (base 6) in base 7?
-1110
Convert 2e (base 16) to base 10.
46
What is -102004 (base 6) in base 7?
-32641
Convert 304 (base 13) to base 7.
1330
Convert 844 (base 12) to base 6.
5324
What is -40020 (base 6) in base 4?
-1101030
Convert -61112 (base 7) to base 8.
-34727
Convert 1b (base 12) to base 7.
32
What is 177b (base 14) in base 6?
31321
-1000111110000011 (base 2) to base 5
-2133424
What is -4b14 (base 13) in base 11?
-8015
26388 (base 11) to base 16
935f
53141 (base 8) to base 10
22113
Convert 41210 (base 5) to base 11.
2017
295 (base 15) to base 16
24e
111011000000 (base 2) to base 12
2228
-4251 (base 7) to base 12
-a56
Convert -111133 (base 4) to base 5.
-21000
1f5 (base 16) to base 10
501
Convert -1363 (base 7) to base 8.
-1027
23330 (base 8) to base 7
40664
Convert a11 (base 11) to base 8.
2306
Convert -21242 (base 9) to base 2.
-11011011100011
What is -6360 (base 9) in base 2?
-1001000111111
Convert 1103343 (base 5) to base 12.
b15b
What is 803 (base 11) in base 6?
4255
What is 2302 (base 5) in base 8?
507
162 (base 11) to base 16
bd
-322242 (base 5) to base 11
-8252
-160357 (base 8) to base 2
-1110000011101111
Convert 3a (base 11) to base 13.
34
98b (base 15) to base 8
4154
Convert 4d (base 15) to base 14.
53
Convert -382 (base 15) to base 14.
-40d
Convert 230561 (base 7) to base 6.
514145
Convert 50005 (base 8) to base 7.
113503
Convert 23655 (base 7) to base 2.
1100000010101
What is -4230 (base 8) in base 3?
-10000111
What is -2281 (base 10) in base 5?
-33111
Convert 963 (base 11) to base 15.
523
-1200003 (base 4) to base 5
-144042
3 (base 11) to base 16
3
What is 20433 (base 6) in base 5?
42012
What is 101111101111 (base 2) in base 7?
11623
1124434 (base 5) to base 11
14545
Convert 1323 (base 10) to base 2.
10100101011
Convert -124 (base 11) to base 8.
-223
Convert 1524 (base 7) to base 6.
2450
What is 7ca (base 14) in base 5?
22200
507 (base 8) to base 4
11013
What is -11011101111 (base 2) in base 15?
-7d5
Convert -1023 (base 7) to base 2.
-101101000
ab6 (base 12) to base 5
22303
Convert 6a4 (base 12) to base 11.
819
34484 (base 10) to base 12
17b58
What is 435 (base 8) in base 16?
11d
-faef (base 16) to base 14
-195a7
7362 (base 9) to base 13
25c7
Convert 8600 (base 10) to base 4.
2012120
What is 3114033 (base 5) in base 7?
302051
Convert -12012 (base 3) to base 14.
-a0
What is -1637 (base 12) in base 13?
-1279
What is -10 (base 8) in base 15?
-8
214b (base 14) to base 15
1a86
-3208 (base 12) to base 5
-133410
What is 1478c (base 13) in base 16?
96f8
What is a167 (base 12) in base 11?
12172
What is -a1c (base 15) in base 12?
-1399
What is 173 (base 11) in base 10?
201
Convert 11110 (base 4) to base 15.
17a
What is -24467 (base 10) in base 9?
-36505
45 (base 10) to base 14
33
Convert 35a (base 13) to base 2.
1001000110
What is 55810 (base 9) in base 6?
443443
Convert 1001202120 (base 3) to base 15.
632c
895 (base 12) to base 6
5505
What is -101100010011010 (base 2) in base 3?
-1011010002
-5054 (base 9) to base 4
-321232
What is 73212 (base 8) in base 7?
154321
What is 1202213 (base 4) in base 13?
2b46
23132122 (base 4) to base 9
71424
What is 10010001 (base 2) in base 3?
12101
Convert -794 (base 13) to base 3.
-1210022
Convert 2010112 (base 3) to base 8.
3021
What is -210211 (base 4) in base 8?
-4445
Convert 428 (base 14) to base 5.
11240
10101101001000101 (base 2) to base 14
2443b
